- -5)*5/2?
3, 5
Let v be (-1)/3*(-1 - 218). Suppose 35 = 3*y - z + 2*z, 2*z = 5*y - v. List the prime factors of y.
13
List the prime factors of (-593)/(-5) - 39/65.
2, 59
Let j = -35 - -11. Let q = -6 - j. What are the prime factors of q?
2, 3
Let y(u) = u + 1. Let h be y(-9). Let x = h - -15. List the prime factors of x.
7
Let b = 12 - 6. Suppose -8 = 4*t - b*t. What are the prime factors of 4 - (t + (0 - 2))?
2
Let k = -3 - -6. Let u(i) = 6*i - 6 + 11 - 9. What are the prime factors of u(k)?
2, 7
Let y(v) = 21*v**3 + v**2 - 1. Let s(a) = -a + 4. Let l be s(3). Let x be y(l). Suppose x = 2*c - 7. List the prime factors of c.
2, 7
Let b(x) = 13*x - 1. Let u be b(3). What are the prime factors of 4/10 - u/(-5)?
2
Suppose -3*x + 5*b = -327, 3*x + 169 = 3*b + 490. What are the prime factors of x?
2, 13
List the prime factors of (-3 - -1) + 64/8.
2, 3
Let g(o) = -o + 8. Let y be (-3)/9 - (-35)/(-3). Let f be y/42 + 88/14. List the prime factors of g(f).
2
Let c(q) = -4*q + 1. Let a be c(2). List the prime factors of 2/a - (-264)/42.
2, 3
Let i be ((-2)/(-4))/((-1)/(-74)). Suppose -i = -6*l + 2*l + 5*g, 5*l = 3*g + 30. Let x(f) = f + 2. What are the prime factors of x(l)?
5
Let u(l) be the first derivative of l**4/4 + l**3 - l**2/2 + 4*l + 4. Let j be u(-3). Suppose 6*v + 11 = j*v. What are the prime factors of v?
11
Let l = -42 - -62. List the prime factors of l.
2, 5
Let k be (-18)/5*(-5)/2. Let g(b) = -b**2 + 6*b - 3. Let f be g(5). Suppose -5*q + k = -f*q. What are the prime factors of q?
3
Suppose -4*n = -13 - 11. Let l = -6 + n. Suppose -3*z + 4*v + 1 = -5, z + 4*v - 18 = l. What are the prime factors of z?
2, 3
Let r = 142 + -85. What are the prime factors of r?
3, 19
Suppose -i - i = -8. Suppose i*w = -3*u + 98, -2*w - w = 4*u - 119. List the prime factors of u.
2, 13
Suppose -6*a + 353 = -157. Suppose 3*i = -3*y + 9, 3*y - i - 21 = 2*i. Suppose -5*k + a = 5*u, -k + y*u + 34 = k. What are the prime factors of k?
17
Let p(b) be the second derivative of -b**3/6 - b**2/2 - 2*b. Let i be p(-4). List the prime factors of (i - 1)*-1 - -6.
2
Let v(o) = -4 + 2 - 2*o - 2. List the prime factors of v(-3).
2
Suppose 0 = -l - 5*c + 66 - 8, 0 = -5*l + c + 368. List the prime factors of l.
73
Let b(o) = o**3 + 2*o**2 - 2*o + 1. Let m be b(2). Suppose 5*z + 15 - 6 = 4*j, -2*z = 2*j + 18. Let f = z + m. List the prime factors of f.
2
Let o(i) = -5*i + 8*i**2 - 4 - i**3 + 3 + 0*i. What are the prime factors of o(7)?
13
Suppose -6*t + t = 0. Suppose -o + 16 = -t*o. What are the prime factors of o?
2
Let h be 5 - (-4)/(-6)*-3. Let l = h + 10. What are the prime factors of l?
17
Let q(n) = -n**3 - 14*n**2 - 13*n + 17. Let y be (16 - (-12)/(-4))/(-1). What are the prime factors of q(y)?
17
Suppose -24 - 416 = -4*p. What are the prime factors of p?
2, 5, 11
Let l(r) = -4*r - 7. Let g be l(-8). Suppose -3 = -o + g. What are the prime factors of o?
2, 7
Suppose -5*b = -10*b + 15. Suppose -x = b*x - 56. What are the prime factors of x?
2, 7
Let a be (-6 + -1)*(-48)/28. Let r = -3 + a. What are the prime factors of r?
3
Let i = -5 - -64. List the prime factors of i.
59
Let c be 4 + 4 + -3 + 0. Suppose 9 + 46 = c*i. List the prime factors of i.
11
List the prime factors of 3 + (-4 - -26) + -3.
2, 11
Let i(m) = m**3 - m**2 + 58. Let j be i(0). Suppose 5*t = j - 23. List the prime factors of t.
7
Let c(x) = -218*x + 8. List the prime factors of c(-1).
2, 113
What are the prime factors of 49*((-192)/(-28))/4?
2, 3, 7
Suppose -4*m + 315 = m. List the prime factors of m.
3, 7
Suppose -5 = -m - 4, -m - 49 = -y. What are the prime factors of y?
2, 5
Let x be 3 - 1 - -1*5. Suppose -8 = -3*a + x*a. List the prime factors of a + 12 - (2 - 5).
13
Let z(b) = -b**3 - 8*b**2 + 6*b - 7. Let t be z(-9). Suppose 5*m + 8 - 34 = -4*h, -t = -5*h. Suppose 64 = 2*u + m*u. What are the prime factors of u?
2
Let w(y) = 9*y + 33. What are the prime factors of w(9)?
2, 3, 19
Let x(p) = 3*p**3 + 5*p**2 + 2*p - 5. List the prime factors of x(4).
5, 11
Let z(c) = -c**2 + 5*c - 5. Let q(u) = u**2 - 5*u + 6. Let w(y) = -4*q(y) - 5*z(y). What are the prime factors of w(6)?
7
Let u = -21 - 73. Let j = -63 - u. What are the prime factors of j?
31
Suppose 0 = -f + v - 2, -5*v = -4*f - 3 - 7. Suppose -8*q + 3*q + 2*m + 126 = f, 0 = -2*q + 3*m + 57. List the prime factors of q.
2, 3
Let m be (-24)/11 + (-4)/(-22). Let v(h) = -10*h - 3. List the prime factors of v(m).
17
Let u = 3 - -4. Suppose 0 = -b - b + 4. Suppose u*v - 75 = b*v. What are the prime factors of v?
3, 5
Let x be 4/12 - (-208)/6. Suppose -i = -2 - x. What are the prime factors of i?
37
Let q = -211 + 321. What are the prime factors of q?
2, 5, 11
Let g = 126 - 7. What are the prime factors of g?
7, 17
Suppose -l + 2*l - 24 = 0. Suppose -2*p + 3*p = l. List the prime factors of p.
2, 3
Suppose 2*u + 2 + 2 = 0. List the prime factors of (231/6)/(-7)*u.
11
Let h(w) = 5*w + 8. Let c be h(-3). Let y = -17 + 12. Let m = y - c. List the prime factors of m.
2
Suppose 0 = -3*n + 245 + 16. List the prime factors of n.
3, 29
Let l(k) = -3*k + 25. List the prime factors of l(-12).
61
Suppose -18 = -5*m + 4*d, -2*m = 3*d + 3 - 1. Suppose w - m*w = -10. List the prime factors of w.
2, 5
Suppose -10 = -2*d - 3*v, -d + 4*v = 3*d. Suppose -d*o + 2*f = 3*f - 30, f = 5*o - 82. Suppose -32 = -4*r + o. List the prime factors of r.
2, 3
Let y = 90 - 58. Let z = -19 + y. List the prime factors of z.
13
Suppose 0*b - 5*b + 2*x = -29, 1 = b + 2*x. Suppose b*y + 0 + 10 = 0. List the prime factors of 1/(y/(-22)) - -2.
13
Let k(f) = f**2 + f - 2. Let j(y) be the third derivative of y**5/60 + 7*y**4/24 - 5*y**3/6 - 2*y**2. Let n be j(-8). What are the prime factors of k(n)?
2, 5
Let t be 13/(-2)*2*-1. Suppose -3*m + 7 - 1 = 0, 3*m = -5*f - 19. Let j = t + f. List the prime factors of j.
2
Suppose 0 = -2*w - 3*w + 15. List the prime factors of 1*6 + w + 0.
3
Let q = 36 + 10. List the prime factors of q.
2, 23
Let h be (2 - 6/(-3)) + -2. Suppose 4*f + h*r = 6*f - 68, 3*f - 92 = 5*r. List the prime factors of f.
3, 13
Let w(h) = -3*h + 3. List the prime factors of w(-8).
3
Let n(k) = -3*k**3 - 12*k**2 - 6*k + 4. What are the prime factors of n(-5)?
109
Let m = -29 + 49. What are the prime factors of m?
2, 5
Let j(b) be the first derivative of 8*b**3/3 - 2*b**2 + 2*b + 2. Let k be j(2). Suppose -z + 13 = -v, z + z = 4*v + k. List the prime factors of z.
13
Let a = 9 + -17. Let i = -6 - a. Let k = 11 - i. What are the prime factors of k?
3
Let b = 25 - 15. Let y = -32 - -22. List the prime factors of (-64)/y - 4/b.
2, 3
Suppose -306 = -3*r - 3*s, 0*s = 5*r - s - 504. Suppose -5*m + r = 21. What are the prime factors of m?
2
Let v = -10 - -10. Suppose -2*q - 4*y + 4 + 8 = v, -3 = -q + y. List the prime factors of q.
2
Suppose -4*o + 12 = 4. Let m(a) = a + 3 + a - a**o - 5*a. What are the prime factors of m(-3)?
3
Suppose -5*p + 5*x - 25 = 0, 3*p = -4*x - 6 + 26. Suppose p = 2*o + 1 + 3. Let f = 9 + o. List the prime factors of f.
7
Let s(h) = -h**3 + 2*h**2 + 4*h - 1. Let d be s(3). Suppose 2*g = -d*g + 12. Suppose 3*f - 44 = -r - 0*r, -g*f = 4*r - 50. What are the prime factors of f?
2, 7
List the prime factors of (-2716)/(-35) - (-4)/10.
2, 3, 13
Suppose 2*g - 249 = 5*k, 0 = -k + 5*k + 4. What are the prime factors of g?
2, 61
Let s(z) = -z - 2. Let x be -1 - (0 + 0 + 2). Let p be s(x). List the prime factors of -2*(-1 + p/(-2)).
3
Suppose 2*c - 4*h = -2, c + 0*h - 8 = -h. Let l = c - 0. What are the prime factors of 1/l - 162/(-15)?
11
Suppose 2*l - 60 = 4*d, 4*d - d + 64 = 2*l. What are the prime factors of l?
2, 19
Let u(t) = -t**3 + 10*t**2 - 8*t - 7. List the prime factors of u(9).
2
List the prime factors of (0 + -8)/((-4)/22).
2, 11
Let q(z) = z + 23. List the prime factors of q(0).
23
Let g(q) = q**2 + 3*q - 2. What are the prime factors of g(6)?
2, 13
Suppose -2*j + 31 = -21. What are the prime factors of j?
2, 13
Let a = -23 + 49. What are the prime factors of a?
2, 13
Let b = -1 - -40. What are the prime factors of b?
3, 13
Suppose 2*j - 2 - 14 = 0. List the prime factors of j.
2
Suppose 17 = -5*z - 0*z - 4*o, 13 = 2*z - 5*o. Let w be (z - -1)*(-1)/(-3). Let n = 4 + w. What are the prime factors of n?
2
Suppose 9*z + 100 = 13*z. What are the prime facto